{"id":40,"date":"2013-07-07T22:20:41","date_gmt":"2013-07-07T22:20:41","guid":{"rendered":"http:\/\/schulprofil.ch\/?page_id=40"},"modified":"2014-01-08T05:22:42","modified_gmt":"2014-01-08T05:22:42","slug":"trickfilmateliers","status":"publish","type":"page","link":"https:\/\/schulprofil.ch\/?page_id=40","title":{"rendered":"Trickfilmateliers"},"content":{"rendered":"<p>Trickfilm befl\u00fcgelt die Fantasie und fliegt weit \u00fcber die Grenzen der Realit\u00e4t ins Reich der Imagination. Zudem macht Trickfilm Tr\u00e4ume und Geschichten der Kinder sichtbar.<\/p>\n","protected":false},"excerpt":{"rendered":"<p>Trickfilm befl\u00fcgelt die Fantasie und fliegt weit \u00fcber die Grenzen der Realit\u00e4t ins Reich der Imagination. Zudem macht Trickfilm Tr\u00e4ume und Geschichten der Kinder sichtbar.<\/p>\n","protected":false},"author":2,"featured_media":0,"parent":0,"menu_order":3,"comment_status":"closed","ping_status":"open","template":"","meta":{"footnotes":""},"class_list":["post-40","page","type-page","status-publish","hentry"],"_links":{"self":[{"href":"https:\/\/schulprofil.ch\/index.php?rest_route=\/wp\/v2\/pages\/40","targetHints":{"allow":["GET"]}}],"collection":[{"href":"https:\/\/schulprofil.ch\/index.php?rest_route=\/wp\/v2\/pages"}],"about":[{"href":"https:\/\/schulprofil.ch\/index.php?rest_route=\/wp\/v2\/types\/page"}],"author":[{"embeddable":true,"href":"https:\/\/schulprofil.ch\/index.php?rest_route=\/wp\/v2\/users\/2"}],"replies":[{"embeddable":true,"href":"https:\/\/schulprofil.ch\/index.php?rest_route=%2Fwp%2Fv2%2Fcomments&post=40"}],"version-history":[{"count":3,"href":"https:\/\/schulprofil.ch\/index.php?rest_route=\/wp\/v2\/pages\/40\/revisions"}],"predecessor-version":[{"id":61,"href":"https:\/\/schulprofil.ch\/index.php?rest_route=\/wp\/v2\/pages\/40\/revisions\/61"}],"wp:attachment":[{"href":"https:\/\/schulprofil.ch\/index.php?rest_route=%2Fwp%2Fv2%2Fmedia&parent=40"}],"curies":[{"name":"wp","href":"https:\/\/api.w.org\/{rel}","templated":true}]}}